).
-1
Let p(m) = -68570*m - 6857010. Calculate p(-100).
-10
Let x(j) = 2*j**3 - 79*j**2 - 95*j - 338. Give x(41).
810
Let a(m) = -8*m**2 + 523*m - 1808. What is a(62)?
-134
Let g(k) = -k**3 + 287*k**2 - 504*k - 18473. Give g(285).
337
Let h(i) = -12*i**2 - 16*i - 12. Calculate h(-1).
-8
Let x(s) = s**3 + 54*s**2 + 397*s - 99. What is x(-45)?
261
Let a(c) = 475*c - 341. Determine a(1).
134
Let d(v) = 115*v**2 + 69722*v + 19391. What is d(-606)?
-1
Let s(x) = -x**3 + 20803*x**2 + 228963*x + 103. Determine s(-11).
4
Let f(d) = -1048*d + 13606. What is f(14)?
-1066
Let y(g) = -g**3 - 8*g**2 + 29*g - 2309. Give y(-17).
-201
Let j(x) = -689*x - 16639. Give j(-24).
-103
Let g(p) = 53*p**2 - 2488*p - 89. What is g(47)?
52
Let t(p) = -16*p**2 + 388*p + 230. Calculate t(26).
-498
Let d(a) = -a**2 + 95662*a - 1817204. What is d(19)?
13
Let d(p) = 1798*p - 3639. Give d(2).
-43
Let f(w) = -3*w**2 + 402*w - 5377. Give f(15).
-22
Let r(x) = -2*x**3 + 71*x**2 - 227*x + 6740. Give r(35).
20
Let r(m) = -1175*m - 7375. Determine r(-8).
2025
Let h(b) = -b**2 + 1116*b + 9957. Calculate h(-9).
-168
Let i(h) = h**3 + 208*h**2 - 1967*h - 3073. Calculate i(-217).
-35
Let m(c) = -6881*c + 75178. Give m(11).
-513
Let p(i) = -2*i**3 + 1800*i**2 - 23348*i + 3712. Give p(13).
-6
Let q(h) = 38*h**3 + 306*h**2 + 2015*h + 15990. Determine q(-8).
-2
Let v(b) = b**3 - 19*b**2 + 5*b + 494. What is v(19)?
589
Let b(v) = 1478*v**2 + 14802*v + 213. Calculate b(-10).
-7
Let j(c) = -c**3 - 286*c**2 - 19656*c + 1042. Determine j(-115).
7
Let g(z) = -7*z**3 - 1000*z**2 - 839*z + 112. What is g(-142)?
-1734
Let a(g) = -100*g**2 + 1575*g - 64. Give a(16).
-464
Let r(t) = -245*t**3 - 890*t**2 - 893*t - 4. What is r(-1)?
244
Let a(u) = -3*u**3 + 1404*u**2 - 4*u + 1892. Give a(468).
20
Let o(s) = -2*s**3 - 884*s**2 - 774*s + 47619. What is o(-441)?
-9
Let r(l) = -l**3 + 475*l**2 - 53807*l + 15324. What is r(289)?
7
Let o(g) = -4*g**3 + 36*g**2 + 25082*g - 225824. What is o(9)?
-86
Let y(s) = -s**3 - 373*s**2 - 3991*s - 99. Determine y(-11).
0
Let q(t) = -8*t**2 - 716*t - 12241. Give q(-23).
-5
Let q(d) = -15*d**2 + 2971*d - 30549. Calculate q(187).
493
Let p(h) = -45768*h - 5675232. What is p(-124)?
0
Let c(o) = -31*o**3 - 218*o**2 + 19*o + 24. What is c(-7)?
-158
Let a(l) = 13223*l - 1110749. Determine a(84).
-17
Let q(y) = -y**3 - 711*y**2 + 2390*y + 177070. Determine q(-714).
-2
Let k(a) = 89*a**2 + 6*a - 2056. Calculate k(0).
-2056
Let z(b) = -7192*b + 100149. Determine z(14).
-539
Let n(m) = 250*m - 12049. What is n(47)?
-299
Let i(a) = 1220*a - 12764. Determine i(11).
656
Let g(z) = 444*z + 5204. Determine g(-12).
-124
Let c(s) = 693*s - 3291. What is c(4)?
-519
Let h(z) = -z**3 - 370*z**2 + 4859*z + 1615. Calculate h(13).
55
Let n(j) = 3767*j - 165566. Calculate n(44).
182
Let v(i) = -3*i**2 + 112*i - 807. Give v(13).
142
Let d(x) = -2752*x**2 - 74*x + 79. What is d(1)?
-2747
Let w(x) = -2*x**3 - 780*x**2 + 7181*x - 510. Give w(-399).
-111
Let o(w) = -4*w**3 + 2054*w**2 - 11181*w + 2531. Calculate o(508).
-9
Let o(n) = -1327*n - 27838. Determine o(-21).
29
Let h(b) = -2*b**3 - 23*b**2 - 60*b - 25. What is h(-8)?
7
Let k(y) = -2*y**3 + 110*y**2 + 27*y + 9. Determine k(0).
9
Let h(c) = 688*c + 61276. Determine h(-89).
44
Let t(n) = 246*n - 84151. Determine t(342).
-19
Let f(h) = -h**2 - 228*h - 12812. What is f(-106)?
120
Let f(i) = 144*i**2 + 14974*i - 138. Give f(-104).
70
Let x(p) = 1403*p + 49369. What is x(-34)?
1667
Let d(u) = 2*u**2 - 30595*u + 3763025. Give d(124).
-3
Let g(v) = v**3 + 34*v**2 + 149*v - 23. Give g(-15).
2017
Let r(s) = s**3 + 4*s**2 - 626*s - 4733. Calculate r(-8).
19
Let y(t) = -965*t + 136302. Determine y(141).
237
Let i(y) = -2*y**3 + 72*y**2 - 182*y - 64. Calculate i(33).
464
Let a(y) = 10*y**2 + 702*y + 11325. Calculate a(-45).
-15
Let f(s) = -s**3 + 19*s**2 + 707*s - 244. What is f(-19)?
41
Let r(l) = -l**3 - 31*l**2 + 108*l + 1698. Give r(-16).
-3870
Let g(z) = -3031*z + 27120. What is g(9)?
-159
Let v(b) = 2*b**3 - 27*b**2 + 520*b - 7467. Give v(14).
9
Let l(f) = 5013*f + 40112. Determine l(-8).
8
Let s(p) = 85*p**2 - 14120*p + 1661. Give s(166).
1
Let w(k) = -300993*k + 3912917. Determine w(13).
8
Let d(j) = 14854*j**2 - 103921*j - 398. Calculate d(7).
1
Let c(x) = -x**3 - 58*x**2 - 584*x - 191. Give c(-46).
1281
Let r(b) = b**2 + 11712*b + 10. Calculate r(0).
10
Let m(l) = 1911*l - 15298. Give m(8).
-10
Let t(u) = u**2 + 127*u + 3737. Give t(-46).
11
Let o(h) = 3*h**3 + 10*h**2 - 598*h - 5604. Determine o(-10).
-1624
Let o(m) = m**3 + 116*m**2 - 1027*m - 2411. Determine o(10).
-81
Let f(c) = 426*c**3 - 166*c**2 + 173*c - 7. Determine f(1).
426
Let o(k) = k**3 + 135*k**2 + 295*k + 3112. Calculate o(-133).
-745
Let f(s) = s**2 - 157*s + 1886. Calculate f(146).
280
Let m(y) = 25573*y + 4245123. What is m(-166)?
5
Let z(b) = b**2 + 3293*b + 110805. Determine z(-34).
-1
Let q(b) = -126*b**2 - 3597*b - 8347. Give q(-26).
-1
Let f(j) = -j**3 + 59*j**2 + 986*j + 3570. Give f(-6).
-6
Let i(v) = 71*v - 1874. Give i(25).
-99
Let g(t) = 11*t**3 + 45*t**2 - 54*t - 562. Give g(4).
646
Let c(x) = 201*x**2 - 47246*x + 2578. Determine c(235).
-7
Let o(h) = 366*h - 317. What is o(5)?
1513
Let t(a) = a**3 - 34*a**2 - 11359*a + 425890. Calculate t(38).
24
Let f(z) = 6*z**2 + 1335*z - 2039. What is f(-224)?
-23
Let z(l) = 636*l + 26292. Give z(-41).
216
Let z(r) = r**3 - 109*r**2 + 1175*r - 386. Determine z(97).
681
Let r(c) = 1773*c - 19098. Determine r(10).
-1368
Let o(u) = u**2 + 846*u + 23691. Determine o(-29).
-2
Let y(k) = 220*k - 28889. What is y(128)?
-729
Let a(w) = 3152*w - 2966030. Determine a(941).
2
Let v(y) = -4131*y + 161102. What is v(39)?
-7
Let h(m) = -118*m**2 + 5890*m + 413. Give h(50).
-87
Let o(q) = 24*q**3 + 11*q**2 - 79*q - 358. Calculate o(-5).
-2688
Let d(r) = -76*r**2 - 26*r - 77. What is d(-3)?
-683
Let s(l) = -l**3 + 55*l**2 - 43*l - 4044. Give s(10).
26
Let u(h) = -3*h**3 - 24*h**2 + 101*h + 106. Calculate u(-11).
84
Let y(q) = 3*q**3 + 123*q**2 + 434*q + 3511. Give y(-38).
15
Let m(q) = 1135*q - 5777. Determine m(5).
-102
Let l(h) = -10*h**3 - 37*h**2 - 29*h - 35. Calculate l(-3).
-11
Let n(i) = -10*i**3 - 5301*i**2 - 520*i + 5291. Determine n(-530).
-9
Let s(n) = -67*n**2 + 335*n + 3351. Determine s(-5).
1
Let t(l) = 22*l**2 - 94*l - 300. Give t(7).
120
Let q(i) = -i**2 - 225*i - 6186. Calculate q(-193).
-10
Let g(x) = 60122*x - 3126373. Calculate g(52).
-29
Let j(q) = -q**3 - 137*q**2 + 14*q + 1907. What is j(-137)?
-11
Let t(o) = -2*o**2 + 5487076*o - 60357600. What is t(11)?
-6
Let h(g) = -261*g**2 + 35753*g + 545. What is h(137)?
-3
Let k(g) = 6*g**2 - 10*g - 1821. Calculate k(14).
-785
Let s(x) = -24*x**3 + 3*x**2 - 19*x - 60. Determine s(-2).
182
Let i(o) = -78449*o + 78459. Calculate i(1).
10
Let w(b) = -2566*b - 2229845. Calculate w(-869).
9
Let r(x) = x**2 + 26742*x + 374282. Calculate r(-14).
90
Let r(g) = -19*g**2 + 1090*g + 10812. Give r(66).
-12
Let a(g) = -107931*g + 1079315. Determine a(10).
5
Let y(g) = 139*g**2 - 6031*g + 26689. Determine y(5).
9
Let i(o) = -3*o**2 - 720*o - 16428. Give i(-214).
264
Let w(u) = -201*u**2 - 3592*u + 499. What is w(-18)?
31
Let l(b) = -123*b**3 + 618*b**2 - 46*b - 28. Calculate l(5).
-183
Let a(q) = q**3 + 40*q**2 + 187*q + 149. Give a(-37).
-2663
Let k(i) = 1698*i + 134145. What is k(-79)?
3
Let m(y) = 4*y**2 + 89*y - 75. Give m(-26).
315
Let x(y) = 1099*y - 137374. Give x(125).
1
Let m(p) = -2*p**3 - 94*p**2 - 283*p - 34. What is m(-3)?
23
Let n(b) = -22233*b - 155604. Calculate n(-7).
27
Let d(s) = s**3 - 14*s**2 + 468*s - 4730. Give d(12).
598
Let z(s) = -11*s**3 - 127*s**2 - 91*s + 782. Calculate z(-10).
-8
Let h(n) = -3094*n**2 + 2*n - 35. What is h(0)?
-35
Let b(m) = -3*m**3 + 73*m**2 - 366*m + 81. Calculate b(8).
289
Let v(t) = 325*t**2 - 611*t + 1215. Determine v(2).
1293
Let f(n) = -4*n**3 - 297*n**2 - 48*n + 1914. Calculate f(-74).
-10
Let c(j) = 22*j**3 - 42*j + 130. What is c(4)?
1370
Let b(n) = -5*n**2 + 545*n + 524. What is b(110)?
-26
Let n(v) = 1500*v - 493498. Calculate n(329).
2
Let f(y) = 40666*y + 162662. What is f(-4)?
-2
Let a(r) = -2*r**3 + 40*r**2 - 882*r + 16263. Give a(19).
227
Let v(z) = 5247*z + 32497. Calculate v(-6).
1015
Let o(k) = -3*k**3 - 154*k**2 + 199*